ed by 4?
2
Let o(u) = 4*u + 41. Suppose 0*c + i = -4*c - 35, c - 3*i = 1. Calculate the remainder when 43 is divided by o(c).
7
Suppose -m - m + 174 = -4*q, -4*m = -5*q - 333. Let o(y) = -8*y - 4. Calculate the remainder when m is divided by o(-3).
17
Let o(x) = -14*x - 7. Let k = 10 - 1. What is the remainder when o(-3) is divided by k?
8
Suppose -1435 = -28*k + 23*k. Suppose -19*q + 1028 - k = 0. What is the remainder when 151 is divided by q?
34
Suppose 14 = 2*y - 2*b, -2*b - 4 = 4. Let k(h) = 2*h**2 + h - 4. Calculate the remainder when k(2) is divided by y.
0
What is the remainder when 68 is divided by (-1)/(-2) + (470/20)/1?
20
Let i = 37 - 29. Suppose 2*a = -4*q + 112, -7*q = -2*q - 2*a - 158. Calculate the remainder when (234/15)/(i/60) is divided by q.
27
Calculate the remainder when 22 is divided by (-23)/((-92)/(-24))*(-24)/9.
6
Let v(j) = j**3 + j + 13. What is the remainder when (3/(-4))/(2/(-136)) is divided by v(0)?
12
Let b = 524 + -493. Calculate the remainder when 214 is divided by b.
28
Let m = 265 + -233. Calculate the remainder when 124 is divided by m.
28
Suppose -2*f + 10*r - 14*r = -776, 3*f = -3*r + 1173. Calculate the remainder when f is divided by 44.
42
Suppose 2*b - 50 = -3*b. Suppose q + 22 = -5*o, -5*q = o + 4*o + b. What is the remainder when 20 is divided by q?
2
Let t(i) = -i**3 + 3*i**2 + 3*i + 9. Let c be t(4). Suppose -u = -20 + c. Calculate the remainder when 25 is divided by u.
10
Suppose 2*i - 2*u = 266, -6*i - 3*u - 533 = -10*i. Suppose -a - i = -145. Let z(t) = 86*t**2 - 2*t - 1. What is the remainder when z(-1) is divided by a?
10
Suppose -3*f + 0 + 6 = 0. Suppose -f*i + 120 = 2*x, 96 = 2*i + 4*x - 30. Calculate the remainder when i is divided by (-119)/(-4) + (-8)/(-32).
27
Suppose -956 = -6*f - 62. Let b = f - 104. Calculate the remainder when b is divided by 12.
9
Suppose 3*r + 8 = -10. Let h(p) = 2*p**2 + 5*p - 7. Let v be h(r). Suppose 0 = -3*q - 2*q + v. Calculate the remainder when 13 is divided by q.
6
Let q(p) = -p**2 - 7*p + 2. Let b be q(-6). Suppose -6*x = -8*x + b. Suppose -2*m + x + 34 = 0. Calculate the remainder when m is divided by 11.
8
Let h = -28 - -18. What is the remainder when h*(-1)/(1 + 0) is divided by 6?
4
Suppose z - g - 68 = -5*g, 4*z = g + 204. Let o = 123 - z. What is the remainder when o is divided by 8?
7
Let d = 18 + -8. Suppose 0 = 42*q - 711 - 507. What is the remainder when q is divided by d?
9
Suppose 795 = 21*a - 6*a. What is the remainder when a is divided by 15?
8
Let t = 19 + -26. Let k = t - -31. What is the remainder when k is divided by 7?
3
Let j(k) = 3*k**2 + 12*k + 30. Calculate the remainder when j(-5) is divided by 25.
20
Let p(i) = 2*i**3 - 2*i**2 - 8*i + 11. What is the remainder when p(3) is divided by 7?
2
Let g be 0 + ((-150)/(-5))/2. Suppose 4*k + g = 143. Let n(z) = z**3 + 8*z**2 - 12*z - 10. What is the remainder when k is divided by n(-9)?
15
Let d = -1116 - -1125. What is the remainder when d is divided by 2?
1
Suppose 2*l = -0*l + 100. Let w = 74 - l. Suppose -c + 350 = 4*c. Calculate the remainder when c is divided by w.
22
Let r be 7*-3 + (1 - 1). Let f = r - -115. Suppose -5*q + 5*m = -140 + 20, -2*q - 3*m = -48. What is the remainder when f is divided by q?
22
Calculate the remainder when (186/(-9))/2*(30 + -42) is divided by 13.
7
Suppose 5*y = -1 + 61. Let b(f) = -3*f**3 - 27*f**2 - 69*f + 2. What is the remainder when b(-3) is divided by y?
11
Let p(r) = r**3 + 5*r**2 - 5*r - 2. Let q(c) = c**3 - 38*c**2 + 76*c - 23. Calculate the remainder when q(36) is divided by p(-3).
28
Let d(r) = -4*r + 3. What is the remainder when ((2 - 6) + 2)*(-1695)/30 is divided by d(-5)?
21
Suppose 22 = 5*f + 3*w, 4*f - 14 = 2*w + 8. Suppose n - 2*l = 45, -n - 2*n + 190 = f*l. What is the remainder when n is divided by 19?
17
Suppose -2*q + 89 = -35. Let k = -57 - -84. Let f = -11 + k. What is the remainder when q is divided by f?
14
Let p = -3 + 7. Suppose -80 = -p*l - 4*w, 0 = -l + 3*w + 31 - 3. Calculate the remainder when l is divided by 6.
4
Let j(q) = -2*q**2 + q + 1. Let d be j(-1). Let u = 38 - 34. What is the remainder when 18 is divided by d/u*(-11 - 3)?
4
Suppose 29*u + 26 = 30*u. Let n(q) = -q**3 + 6*q**2 + 6*q + 14. Calculate the remainder when u is divided by n(7).
5
Let p(m) = m**3 + 11*m**2 + 8*m - 9. Let a be p(-10). Suppose 2*r + a - 49 = 0. What is the remainder when 53 is divided by r?
15
Calculate the remainder when 1/3 - (-132)/9 is divided by (-52)/13 - -11 - 1.
3
Suppose -5*u = -5*g - 5 + 90, 2*g + 2*u - 34 = 0. What is the remainder when 93 is divided by g?
8
Let t(f) = f**3 + 11*f**2 - 14*f - 27. Let h be t(-12). Calculate the remainder when (h - 1*-66) + (2 - -1) is divided by 23.
20
Suppose t - 116 + 96 = 0. Let c(n) = 2*n**3 - 9*n**2 + n + 5. What is the remainder when c(6) is divided by t?
19
Let j(b) = b**2 - 2*b - 3. Let d be j(5). Let p(z) = -z**2 + 15*z - 17. Calculate the remainder when 36 is divided by p(d).
17
Let c = -5 - -5. Let o(h) = -3*h + 4. Let b(j) = j + 1. Let d(r) = 2*b(r) + o(r). Calculate the remainder when 23 is divided by d(c).
5
Let o be ((-21)/(-4) - 1) + 5/(-20). Calculate the remainder when 106 is divided by ((-528)/154)/(o/(-42)).
34
What is the remainder when ((-1656)/(-27))/(-23)*1*-6 is divided by 5?
1
Suppose -7*k = -3*k - 12, -k = 2*j - 29. Suppose -17 + j = -2*y. Let i(r) = r**2 + 4*r - 4. What is the remainder when y is divided by i(-5)?
0
Let d = -42 + 63. Suppose -i + 4*l = -9 - 17, 98 = 5*i - 4*l. Suppose 40 = i*z - 17*z. Calculate the remainder when z is divided by d.
19
Suppose u + 2*t - 243 = 0, -10*t = 3*u - 7*t - 717. What is the remainder when u is divided by 66?
37
Let x = -194 + 238. What is the remainder when x is divided by 12?
8
Let a(i) = i**3 + 10*i**2 + 9*i. Let z be a(-9). Suppose -2*f - 2*u + 5 = -19, z = u - 3. What is the remainder when 3 + 123/9 + (-6)/9 is divided by f?
7
Let b = -93 + -45. What is the remainder when 31 is divided by (-6)/(-9) + (b/(-9) - 0)?
15
Suppose -133 = -4*o + 3*m + 72, -o + 70 = 3*m. Let d = o + -28. What is the remainder when d is divided by 15?
12
Let n = 69 + -36. Suppose 5*c - n = -m, -5*m = -m + 2*c - 42. Calculate the remainder when 23 is divided by m.
7
Let p be 1*2/(-4)*2. Let c(o) = -26*o. Calculate the remainder when c(p) is divided by 28/(-6)*6/(-4).
5
Let a(z) = -4*z**2 + 3*z - 2. Let d be a(4). Let r = d - -125. What is the remainder when r is divided by 18?
17
What is the remainder when 3/12 - 287/(-4) is divided by 9/(-6)*((-188)/12 - -3)?
15
Suppose -42*z = -27*z - 3315. Calculate the remainder when z is divided by 28.
25
Suppose 59*q = 50*q + 378. Calculate the remainder when q is divided by 13.
3
Suppose -3*c + 4 = -92. Let b = c - 21. What is the remainder when ((-243)/6)/(-9)*(-700)/(-75) is divided by b?
9
Let t(o) = -o**3 - 39*o**2 + 2*o + 188. What is the remainder when t(-39) is divided by 40?
30
Suppose -7*v - 1680 = -17*v. Calculate the remainder when v is divided by 19.
16
Calculate the remainder when 348/6 - ((-4)/2 - 1) is divided by 14.
5
Let v(f) = 15. Let p be (-8 - (-2 + -2)) + 5. Let q(g) = g + 1. Let t(j) = p*q(j) + v(j). What is the remainder when t(6) is divided by 12?
10
Let b = -531 + 543. What is the remainder when 489 is divided by b?
9
Let h be 374/51*30/(-2). Let b = -68 - h. What is the remainder when b is divided by 2/7 - (515/(-35) + 0)?
12
Let h(x) = -x**3 + 9*x**2 + 12*x + 2. Suppose -4*n = -91 - 157. What is the remainder when n is divided by h(10)?
18
Let n = -5 + 5. Let c(g) = 5*g + 6. Calculate the remainder when c(9) is divided by (n + 26)*(-2)/(-4).
12
Let g(x) = 2*x**3 + x**2 - x + 5. Let k be g(0). Suppose 6*o - 2*o = -2*j + 52, 5*o = j - k. Calculate the remainder when 39 is divided by j.
19
Let w = 82 - 20. What is the remainder when w is divided by 11?
7
Let o = 47 - -64. What is the remainder when 441 is divided by o?
108
Suppose 0 = -3*o - 3*h - 165, 3*o + 51 = 3*h - 132. Let w = -31 - o. Suppose -18*n - 5*n + 196 = 5*n. Calculate the remainder when w is divided by n.
6
Let p = 2240 + -2217. Let q be (2/(-3))/((-2)/3). Calculate the remainder when 1*(65 - 0) + q is divided by p.
20
Suppose 211 - 531 = -8*j. What is the remainder when 357 is divided by j?
37
Suppose 7*j - 74 = 5*j. 